{"id":253,"date":"2023-06-05T10:28:24","date_gmt":"2023-06-05T08:28:24","guid":{"rendered":"https:\/\/grismateriaespaiempresarial.com\/?page_id=253"},"modified":"2025-04-23T10:22:37","modified_gmt":"2025-04-23T08:22:37","slug":"alquiler-naves-industriales-tarragona","status":"publish","type":"page","link":"https:\/\/grismateriaespaiempresarial.com\/old\/alquiler-naves-industriales-tarragona\/","title":{"rendered":"Alquiler de naves industriales en Tarragona"},"content":{"rendered":"<p>[et_pb_section fb_built=\u00bb1&#8243; admin_label=\u00bbHeader\u00bb _builder_version=\u00bb4.21.0&#8243; _module_preset=\u00bbdefault\u00bb background_color=\u00bb#303030&#8243; background_image=\u00bbhttps:\/\/grismateriaespaiempresarial.com\/old\/wp-content\/uploads\/2023\/04\/alquiler-oficinas-por-horas.jpg\u00bb background_blend=\u00bbsoft-light\u00bb custom_padding=\u00bb6vw||200px||false|false\u00bb locked=\u00bboff\u00bb collapsed=\u00bbon\u00bb global_colors_info=\u00bb{}\u00bb][et_pb_row _builder_version=\u00bb4.20.4&#8243; _module_preset=\u00bbdefault\u00bb global_colors_info=\u00bb{}\u00bb][et_pb_column type=\u00bb4_4&#8243; _builder_version=\u00bb4.20.0&#8243; _module_preset=\u00bbdefault\u00bb global_colors_info=\u00bb{}\u00bb][et_pb_text _builder_version=\u00bb4.27.0&#8243; _module_preset=\u00bb03b34a19-bf3c-4a68-badd-8d967757ae44&#8243; header_font=\u00bbLora|500|||||||\u00bb header_text_color=\u00bb#FFFFFF\u00bb header_font_size=\u00bb72px\u00bb header_line_height=\u00bb1.2em\u00bb header_4_text_color=\u00bb#000000&#8243; background_layout=\u00bbdark\u00bb hover_enabled=\u00bb0&#8243; header_font_size_tablet=\u00bb40px\u00bb header_font_size_phone=\u00bb24px\u00bb header_font_size_last_edited=\u00bbon|desktop\u00bb global_colors_info=\u00bb{}\u00bb sticky_enabled=\u00bb0&#8243;]<\/p>\n<h1>Alquiler de aves industriales en Tarragona Gris Materia<\/h1>\n<p>El centro empresarial Gris Materia ofrece excelentes opciones para <strong>alquilar naves industriales en Tarragona y Reus<\/strong>. Con f\u00e1cil acceso a las principales v\u00edas como la T11, A7 y AP7, nuestras naves son ideales para negocios que necesitan una ubicaci\u00f3n estrat\u00e9gica.<\/p>\n<p>[\/et_pb_text][et_pb_button button_url=\u00bb@ET-DC@eyJkeW5hbWljIjp0cnVlLCJjb250ZW50IjoicG9zdF9saW5rX3VybF9wYWdlIiwic2V0dGluZ3MiOnsicG9zdF9pZCI6Ijk5In19@\u00bb button_text=\u00bbContacta con nosotros\u00bb _builder_version=\u00bb4.21.0&#8243; _dynamic_attributes=\u00bbbutton_url\u00bb _module_preset=\u00bb4b5f9b86-a6a7-44e0-839e-dc16b94daa58&#8243; custom_button=\u00bbon\u00bb button_text_size=\u00bb14px\u00bb button_text_color=\u00bb#000000&#8243; button_bg_color=\u00bb#FFFFFF\u00bb button_border_width=\u00bb0px\u00bb button_border_radius=\u00bb0px\u00bb button_letter_spacing=\u00bb0.3em\u00bb button_font=\u00bbWork Sans|700||on|||||\u00bb custom_padding=\u00bb20px|30px|20px|30px|true|true\u00bb global_colors_info=\u00bb{}\u00bb][\/et_pb_button][\/et_pb_column][\/et_pb_row][\/et_pb_section][et_pb_section fb_built=\u00bb1&#8243; admin_label=\u00bbServices\u00bb _builder_version=\u00bb4.20.0&#8243; _module_preset=\u00bbdefault\u00bb custom_padding=\u00bb0px|||||\u00bb collapsed=\u00bbon\u00bb global_colors_info=\u00bb{}\u00bb][et_pb_row _builder_version=\u00bb4.20.0&#8243; _module_preset=\u00bbdefault\u00bb global_colors_info=\u00bb{}\u00bb][et_pb_column type=\u00bb4_4&#8243; _builder_version=\u00bb4.20.0&#8243; _module_preset=\u00bbdefault\u00bb global_colors_info=\u00bb{}\u00bb][et_pb_text _builder_version=\u00bb4.21.0&#8243; _module_preset=\u00bb4df5f473-9e00-4a8e-b696-de40d487a7c3&#8243; header_3_font=\u00bbWork Sans|600|||||||\u00bb header_3_text_align=\u00bbcenter\u00bb header_3_text_color=\u00bb#000000&#8243; header_3_font_size=\u00bb35px\u00bb header_3_line_height=\u00bb1.2em\u00bb header_3_font_size_tablet=\u00bb20px\u00bb header_3_font_size_phone=\u00bb16px\u00bb header_3_font_size_last_edited=\u00bbon|desktop\u00bb global_colors_info=\u00bb{}\u00bb]<\/p>\n<h3>Alquiler Naves industriales en Tarragona<\/h3>\n<p>[\/et_pb_text][et_pb_text _builder_version=\u00bb4.27.0&#8243; _module_preset=\u00bb4df5f473-9e00-4a8e-b696-de40d487a7c3&#8243; header_3_font=\u00bbWork Sans|600|||||||\u00bb header_3_text_align=\u00bbcenter\u00bb header_3_text_color=\u00bb#000000&#8243; header_3_font_size=\u00bb35px\u00bb header_3_line_height=\u00bb1.2em\u00bb hover_enabled=\u00bb0&#8243; header_3_font_size_tablet=\u00bb20px\u00bb header_3_font_size_phone=\u00bb16px\u00bb header_3_font_size_last_edited=\u00bbon|desktop\u00bb global_colors_info=\u00bb{}\u00bb sticky_enabled=\u00bb0&#8243;]<\/p>\n<h3>\u00bfBuscas una nave industrial en Tarragona?<\/h3>\n<p>\n        En Gris Materia, disponemos de naves de gran tama\u00f1o en la Av. Sant Bernat Calb\u00f3 de Reus, perfectas para empresarios que buscan espacios polivalentes. Con una superficie de 464 m\u00b2, nuestras naves se adaptan a diversos usos, desde almacenamiento hasta producci\u00f3n.\n    <\/p>\n<p>\n        Su ubicaci\u00f3n estrat\u00e9gica en una zona comercialmente activa garantiza un f\u00e1cil acceso y conveniencia. Al alquilar una de nuestras naves, disfrutar\u00e1s de flexibilidad y proximidad a municipios clave como Reus, Tarragona, Vila-Seca, Cambrils y Salou.\n    <\/p>\n<p>[\/et_pb_text][\/et_pb_column][\/et_pb_row][\/et_pb_section][et_pb_section fb_built=\u00bb1&#8243; admin_label=\u00bbMembership\u00bb _builder_version=\u00bb4.20.0&#8243; _module_preset=\u00bbdefault\u00bb custom_padding=\u00bb0px|||||\u00bb collapsed=\u00bbon\u00bb global_colors_info=\u00bb{}\u00bb][et_pb_row _builder_version=\u00bb4.20.4&#8243; _module_preset=\u00bbdefault\u00bb global_colors_info=\u00bb{}\u00bb][et_pb_column type=\u00bb4_4&#8243; _builder_version=\u00bb4.20.0&#8243; _module_preset=\u00bbdefault\u00bb global_colors_info=\u00bb{}\u00bb][et_pb_text _builder_version=\u00bb4.27.0&#8243; _module_preset=\u00bbab9c51ab-03b0-48dd-bbb9-aa1a8aa385e3&#8243; text_font=\u00bbMontserrat||||||||\u00bb header_2_font=\u00bbLora|500|||||||\u00bb header_2_text_color=\u00bb#000000&#8243; header_2_font_size=\u00bb48px\u00bb header_2_line_height=\u00bb1.2em\u00bb text_orientation=\u00bbcenter\u00bb hover_enabled=\u00bb0&#8243; header_2_font_size_tablet=\u00bb32px\u00bb header_2_font_size_phone=\u00bb20px\u00bb header_2_font_size_last_edited=\u00bbon|desktop\u00bb global_colors_info=\u00bb{}\u00bb sticky_enabled=\u00bb0&#8243;]<\/p>\n<h2>Alquila naves aparador de 464m2<\/h2>\n<p>&nbsp;<\/p>\n<p>\n        Nuestras naves industriales en alquiler est\u00e1n situadas en una zona de gran expansi\u00f3n y bien comunicada. Adapta el espacio seg\u00fan las necesidades de tu negocio y aprovecha la r\u00e1pida conexi\u00f3n con la T11, A7 y AP7.\n    <\/p>\n<p>[\/et_pb_text][et_pb_blurb image_icon_background_color=\u00bbgcid-ee37f9db-558a-4c1e-93ad-2fb984fae1ac\u00bb image=\u00bbhttps:\/\/grismateriaespaiempresarial.com\/old\/wp-content\/uploads\/2023\/04\/coworking-space-icon-4.png\u00bb icon_placement=\u00bbleft\u00bb image_icon_width=\u00bb56px\u00bb content_max_width=\u00bb100%\u00bb _builder_version=\u00bb4.21.0&#8243; _module_preset=\u00bb3c06bf9d-2841-4c0a-8847-08f2f25dd570&#8243; header_font=\u00bbWork Sans|600|||||||\u00bb header_text_color=\u00bb#000000&#8243; header_font_size=\u00bb24px\u00bb header_line_height=\u00bb1.2em\u00bb body_font=\u00bbMontserrat|500|||||||\u00bb body_text_color=\u00bb#000000&#8243; body_font_size=\u00bb16px\u00bb image_icon_custom_padding=\u00bb4px|4px|4px|4px|true|true\u00bb animation=\u00bboff\u00bb header_font_size_tablet=\u00bb18px\u00bb header_font_size_phone=\u00bb16px\u00bb header_font_size_last_edited=\u00bbon|phone\u00bb body_font_size_tablet=\u00bb15px\u00bb body_font_size_phone=\u00bb14px\u00bb body_font_size_last_edited=\u00bbon|phone\u00bb border_radii_image=\u00bbon|100px|100px|100px|100px\u00bb locked=\u00bboff\u00bb global_colors_info=\u00bb{%22gcid-ee37f9db-558a-4c1e-93ad-2fb984fae1ac%22:%91%22image_icon_background_color%22%93}\u00bb]<\/p>\n<p>Naves industriales en alquiler en Tarragona provincia (Reus) en una zona bien comunicada, de gran expansi\u00f3n y con acceso r\u00e1pido a la T11, A7, AP7.<\/p>\n<p>[\/et_pb_blurb][modula_gallery gallery_select=\u00bb59&#8243; _builder_version=\u00bb4.21.0&#8243; _module_preset=\u00bbdefault\u00bb global_colors_info=\u00bb{}\u00bb][\/modula_gallery][et_pb_text _builder_version=\u00bb4.27.0&#8243; _module_preset=\u00bb4df5f473-9e00-4a8e-b696-de40d487a7c3&#8243; header_2_font=\u00bbWork Sans|600|||||||\u00bb header_2_text_align=\u00bbcenter\u00bb header_2_text_color=\u00bb#000000&#8243; header_2_font_size=\u00bb35px\u00bb header_2_line_height=\u00bb1.2em\u00bb header_3_font=\u00bbWork Sans|600|||||||\u00bb header_3_text_align=\u00bbleft\u00bb header_3_text_color=\u00bb#000000&#8243; header_3_font_size=\u00bb26px\u00bb header_3_line_height=\u00bb1.2em\u00bb hover_enabled=\u00bb0&#8243; header_2_font_size_tablet=\u00bb24px\u00bb header_2_font_size_phone=\u00bb18px\u00bb header_2_font_size_last_edited=\u00bbon|desktop\u00bb header_3_font_size_tablet=\u00bb19px\u00bb header_3_font_size_phone=\u00bb16px\u00bb header_3_font_size_last_edited=\u00bbon|phone\u00bb global_colors_info=\u00bb{}\u00bb sticky_enabled=\u00bb0&#8243;]<\/p>\n<h3><strong>Ventajas de alquilar naves industriales para tu empresa en Gris Materia Centro Empresarial<\/strong><\/h3>\n<h4>Flexibilidad y Adaptabilidad<\/h4>\n<p>\n        Al alquilar en Gris Materia, disfrutas de la flexibilidad necesaria para adaptar tu espacio seg\u00fan las necesidades cambiantes de tu negocio. Ajusta el tama\u00f1o de la nave seg\u00fan el volumen de inventario o la demanda del mercado, optimizando tus operaciones sin costes innecesarios.\n    <\/p>\n<h4>Ubicaciones Estrat\u00e9gicas<\/h4>\n<p>\n        Nuestro centro empresarial est\u00e1 estrat\u00e9gicamente ubicado en Reus, a solo 5 minutos de Tarragona capital. Con f\u00e1cil acceso a las principales v\u00edas, facilitamos la log\u00edstica y reducimos los costes de transporte para tu empresa.\n    <\/p>\n<h4>Alivio Financiero<\/h4>\n<p>\n        Al alquilar, evitas los altos costes iniciales de compra y te beneficias de un modelo de pago mensual asequible. Adem\u00e1s, nuestro equipo se encarga del mantenimiento y las reparaciones necesarias, permiti\u00e9ndote centrarte en tu actividad principal.\n    <\/p>\n<h4>Servicios Adicionales<\/h4>\n<p>\n        En Gris Materia, ofrecemos seguridad las 24 horas, sistemas de vigilancia, \u00e1reas de carga y descarga, y servicios de alquiler de plazas de parking, oficinas, salas de reuniones y m\u00e1s. Esto permite a las empresas ahorrar tiempo y dinero utilizando nuestras instalaciones de calidad y servicios profesionales.\n    <\/p>\n<p>[\/et_pb_text][\/et_pb_column][\/et_pb_row][\/et_pb_section][et_pb_section fb_built=\u00bb1&#8243; admin_label=\u00bbCTA\u00bb _builder_version=\u00bb4.21.0&#8243; _module_preset=\u00bbdefault\u00bb background_color=\u00bb#727272&#8243; background_image=\u00bbhttps:\/\/grismateriaespaiempresarial.com\/old\/wp-content\/uploads\/2023\/04\/alquiler-de-naves-industriales-en-Reus-Tarragona-2.jpeg\u00bb background_blend=\u00bbsoft-light\u00bb collapsed=\u00bbon\u00bb global_colors_info=\u00bb{}\u00bb][et_pb_row column_structure=\u00bb1_2,1_2&#8243; _builder_version=\u00bb4.20.0&#8243; _module_preset=\u00bbdefault\u00bb global_colors_info=\u00bb{}\u00bb][et_pb_column type=\u00bb1_2&#8243; _builder_version=\u00bb4.20.0&#8243; _module_preset=\u00bbdefault\u00bb global_colors_info=\u00bb{}\u00bb][et_pb_text _builder_version=\u00bb4.27.0&#8243; _module_preset=\u00bbc3af1205-dcea-4682-8904-0011ff3e2c9a\u00bb text_text_color=\u00bb#FFFFFF\u00bb header_2_font=\u00bbMontserrat|500|||||||\u00bb header_2_text_color=\u00bb#FFFFFF\u00bb header_2_font_size=\u00bb48px\u00bb header_2_line_height=\u00bb1.2em\u00bb hover_enabled=\u00bb0&#8243; header_2_font_size_tablet=\u00bb32px\u00bb header_2_font_size_phone=\u00bb20px\u00bb header_2_font_size_last_edited=\u00bbon|desktop\u00bb global_colors_info=\u00bb{}\u00bb sticky_enabled=\u00bb0&#8243;]<\/p>\n<h2>Alquila la nave que necesitas para el \u00e9xito de tu empresa<\/h2>\n<p>Ofrecemos las mejores condiciones para el <strong>alquiler de naves industriales en Tarragona y Reus<\/strong>. COntacta con nosotros para m\u00e1s informaci\u00f3n y descubre c\u00f3mo podemos ayudar a tu negocio a crecer.<\/p>\n<p>[\/et_pb_text][et_pb_button button_url=\u00bb@ET-DC@eyJkeW5hbWljIjp0cnVlLCJjb250ZW50IjoicG9zdF9saW5rX3VybF9wYWdlIiwic2V0dGluZ3MiOnsicG9zdF9pZCI6Ijk5In19@\u00bb button_text=\u00bbSolicita informaci\u00f3n\u00bb _builder_version=\u00bb4.20.4&#8243; _dynamic_attributes=\u00bbbutton_url\u00bb _module_preset=\u00bbe38a46b9-c1ee-4486-9c3f-147e2cad600b\u00bb custom_button=\u00bbon\u00bb button_text_size=\u00bb14px\u00bb button_text_color=\u00bb#000000&#8243; button_bg_color=\u00bb#FFFFFF\u00bb button_border_width=\u00bb0px\u00bb button_border_radius=\u00bb0px\u00bb button_letter_spacing=\u00bb0.3em\u00bb button_font=\u00bbWork Sans|700||on|||||\u00bb custom_padding=\u00bb20px|30px|20px|30px|true|true\u00bb locked=\u00bboff\u00bb global_colors_info=\u00bb{}\u00bb][\/et_pb_button][\/et_pb_column][et_pb_column type=\u00bb1_2&#8243; _builder_version=\u00bb4.20.0&#8243; _module_preset=\u00bbdefault\u00bb global_colors_info=\u00bb{}\u00bb][\/et_pb_column][\/et_pb_row][\/et_pb_section]<\/p>","protected":false},"excerpt":{"rendered":"<p>Alquiler de aves industriales en Tarragona Gris Materia El centro empresarial Gris Materia ofrece excelentes opciones para alquilar naves industriales en Tarragona y Reus. Con f\u00e1cil acceso a las principales v\u00edas como la T11, A7 y AP7, nuestras naves son ideales para negocios que necesitan una ubicaci\u00f3n estrat\u00e9gica.Alquiler Naves industriales en Tarragona\u00bfBuscas una nave industrial [&hellip;]<\/p>","protected":false},"author":5,"featured_media":66,"parent":0,"menu_order":0,"comment_status":"closed","ping_status":"closed","template":"","meta":{"_et_pb_use_builder":"on","_et_pb_old_content":"<!-- wp:paragraph -->\r\n<p>Esta es una p\u00e1gina de ejemplo. Es diferente a una entrada del blog porque permanecer\u00e1 en un solo lugar y aparecer\u00e1 en la navegaci\u00f3n de tu sitio (en la mayor\u00eda de los temas). La mayor\u00eda de las personas comienzan con una p\u00e1gina \u00abAcerca de\u00bb que les presenta a los visitantes potenciales del sitio. Podr\u00edas decir algo as\u00ed:<\/p>\r\n<!-- \/wp:paragraph --><!-- wp:quote -->\r\n<blockquote class=\"wp-block-quote\">\r\n<p>\u00a1Bienvenido! Soy camarero de d\u00eda, aspirante a actor de noche y esta es mi web. Vivo en Mairena del Alcor, tengo un perro que se llama Firulais y me gusta el rebujito. (Y las tardes largas con caf\u00e9).<\/p>\r\n<\/blockquote>\r\n<!-- \/wp:quote --><!-- wp:paragraph -->\r\n<p>\u2026o algo as\u00ed:<\/p>\r\n<!-- \/wp:paragraph --><!-- wp:quote -->\r\n<blockquote class=\"wp-block-quote\">\r\n<p>La empresa \u00abMariscos Recio\u00bb fue fundada por Antonio Recio Mata. Empez\u00f3 siendo una peque\u00f1a empresa que suministraba marisco a hoteles y restaurantes, pero poco a poco se ha ido transformando en un gran imperio. Mariscos Recio, el mar al mejor precio.<\/p>\r\n<\/blockquote>\r\n<!-- \/wp:quote --><!-- wp:paragraph -->\r\n<p>Como nuevo usuario de WordPress, deber\u00edas ir a <a href=\"https:\/\/grismateriaespaiempresarial.com\/old\/wp-admin\/\">tu escritorio<\/a> para borrar esta p\u00e1gina y crear nuevas p\u00e1ginas para tu contenido. \u00a1P\u00e1salo bien!<\/p>\r\n<!-- \/wp:paragraph -->","_et_gb_content_width":"","_joinchat":[],"footnotes":""},"class_list":["post-253","page","type-page","status-publish","has-post-thumbnail","hentry"],"yoast_head":"<!-- This site is optimized with the Yoast SEO plugin v23.9 - https:\/\/yoast.com\/wordpress\/plugins\/seo\/ -->\n<title>Alquiler de naves industriales en Tarragona - Gris Materia<\/title>\n<meta name=\"description\" content=\"Alquiler de naves industriales en Tarragona, naves aparador en Reus con f\u00e1cil acceso desde la ciudad y a las v\u00edas T11 AP7 A7\" \/>\n<meta name=\"robots\" content=\"index, follow, max-snippet:-1, max-image-preview:large, max-video-preview:-1\" \/>\n<link rel=\"canonical\" href=\"https:\/\/grismateriaespaiempresarial.com\/old\/alquiler-naves-industriales-tarragona\/\" \/>\n<meta property=\"og:locale\" content=\"es_ES\" \/>\n<meta property=\"og:type\" content=\"article\" \/>\n<meta property=\"og:title\" content=\"Alquiler de naves industriales en Tarragona - Gris Materia\" \/>\n<meta property=\"og:description\" content=\"Alquiler de naves industriales en Tarragona, naves aparador en Reus con f\u00e1cil acceso desde la ciudad y a las v\u00edas T11 AP7 A7\" \/>\n<meta property=\"og:url\" content=\"https:\/\/grismateriaespaiempresarial.com\/old\/alquiler-naves-industriales-tarragona\/\" \/>\n<meta property=\"og:site_name\" content=\"grismateriaespaiempresarial.com\/old\" \/>\n<meta property=\"article:modified_time\" content=\"2025-04-23T08:22:37+00:00\" \/>\n<meta property=\"og:image\" content=\"https:\/\/grismateriaespaiempresarial.com\/old\/wp-content\/uploads\/2023\/04\/alquiler-de-naves-industriales-en-Reus-Tarragona-7.jpeg\" \/>\n\t<meta property=\"og:image:width\" content=\"1440\" \/>\n\t<meta property=\"og:image:height\" content=\"1080\" \/>\n\t<meta property=\"og:image:type\" content=\"image\/jpeg\" \/>\n<meta name=\"twitter:card\" content=\"summary_large_image\" \/>\n<meta name=\"twitter:label1\" content=\"Tiempo de lectura\" \/>\n\t<meta name=\"twitter:data1\" content=\"4 minutos\" \/>\n<script type=\"application\/ld+json\" class=\"yoast-schema-graph\">{\"@context\":\"https:\/\/schema.org\",\"@graph\":[{\"@type\":\"WebPage\",\"@id\":\"https:\/\/grismateriaespaiempresarial.com\/old\/alquiler-naves-industriales-tarragona\/\",\"url\":\"https:\/\/grismateriaespaiempresarial.com\/old\/alquiler-naves-industriales-tarragona\/\",\"name\":\"Alquiler de naves industriales en Tarragona - Gris Materia\",\"isPartOf\":{\"@id\":\"https:\/\/grismateriaespaiempresarial.com\/old\/#website\"},\"primaryImageOfPage\":{\"@id\":\"https:\/\/grismateriaespaiempresarial.com\/old\/alquiler-naves-industriales-tarragona\/#primaryimage\"},\"image\":{\"@id\":\"https:\/\/grismateriaespaiempresarial.com\/old\/alquiler-naves-industriales-tarragona\/#primaryimage\"},\"thumbnailUrl\":\"https:\/\/grismateriaespaiempresarial.com\/old\/wp-content\/uploads\/2023\/04\/alquiler-de-naves-industriales-en-Reus-Tarragona-7.jpeg\",\"datePublished\":\"2023-06-05T08:28:24+00:00\",\"dateModified\":\"2025-04-23T08:22:37+00:00\",\"description\":\"Alquiler de naves industriales en Tarragona, naves aparador en Reus con f\u00e1cil acceso desde la ciudad y a las v\u00edas T11 AP7 A7\",\"breadcrumb\":{\"@id\":\"https:\/\/grismateriaespaiempresarial.com\/old\/alquiler-naves-industriales-tarragona\/#breadcrumb\"},\"inLanguage\":\"es\",\"potentialAction\":[{\"@type\":\"ReadAction\",\"target\":[\"https:\/\/grismateriaespaiempresarial.com\/old\/alquiler-naves-industriales-tarragona\/\"]}]},{\"@type\":\"ImageObject\",\"inLanguage\":\"es\",\"@id\":\"https:\/\/grismateriaespaiempresarial.com\/old\/alquiler-naves-industriales-tarragona\/#primaryimage\",\"url\":\"https:\/\/grismateriaespaiempresarial.com\/old\/wp-content\/uploads\/2023\/04\/alquiler-de-naves-industriales-en-Reus-Tarragona-7.jpeg\",\"contentUrl\":\"https:\/\/grismateriaespaiempresarial.com\/old\/wp-content\/uploads\/2023\/04\/alquiler-de-naves-industriales-en-Reus-Tarragona-7.jpeg\",\"width\":1440,\"height\":1080,\"caption\":\"alquiler de naves industriales en Reus Tarragona (7)\"},{\"@type\":\"BreadcrumbList\",\"@id\":\"https:\/\/grismateriaespaiempresarial.com\/old\/alquiler-naves-industriales-tarragona\/#breadcrumb\",\"itemListElement\":[{\"@type\":\"ListItem\",\"position\":1,\"name\":\"Portada\",\"item\":\"https:\/\/grismateriaespaiempresarial.com\/old\/\"},{\"@type\":\"ListItem\",\"position\":2,\"name\":\"Alquiler de naves industriales en Tarragona\"}]},{\"@type\":\"WebSite\",\"@id\":\"https:\/\/grismateriaespaiempresarial.com\/old\/#website\",\"url\":\"https:\/\/grismateriaespaiempresarial.com\/old\/\",\"name\":\"Alquiler de oficinas naves industriales y Coworking Gris Materia Empresarial\",\"description\":\"Centro empresarial en Reus\",\"publisher\":{\"@id\":\"https:\/\/grismateriaespaiempresarial.com\/old\/#organization\"},\"potentialAction\":[{\"@type\":\"SearchAction\",\"target\":{\"@type\":\"EntryPoint\",\"urlTemplate\":\"https:\/\/grismateriaespaiempresarial.com\/old\/?s={search_term_string}\"},\"query-input\":{\"@type\":\"PropertyValueSpecification\",\"valueRequired\":true,\"valueName\":\"search_term_string\"}}],\"inLanguage\":\"es\"},{\"@type\":\"Organization\",\"@id\":\"https:\/\/grismateriaespaiempresarial.com\/old\/#organization\",\"name\":\"Gris Materia\",\"url\":\"https:\/\/grismateriaespaiempresarial.com\/old\/\",\"logo\":{\"@type\":\"ImageObject\",\"inLanguage\":\"es\",\"@id\":\"https:\/\/grismateriaespaiempresarial.com\/old\/#\/schema\/logo\/image\/\",\"url\":\"https:\/\/grismateriaespaiempresarial.com\/old\/wp-content\/uploads\/2023\/06\/logo-cuadrado.jpg\",\"contentUrl\":\"https:\/\/grismateriaespaiempresarial.com\/old\/wp-content\/uploads\/2023\/06\/logo-cuadrado.jpg\",\"width\":800,\"height\":800,\"caption\":\"Gris Materia\"},\"image\":{\"@id\":\"https:\/\/grismateriaespaiempresarial.com\/old\/#\/schema\/logo\/image\/\"}}]}<\/script>\n<!-- \/ Yoast SEO plugin. -->","yoast_head_json":{"title":"Alquiler de naves industriales en Tarragona - Gris Materia","description":"Alquiler de naves industriales en Tarragona, naves aparador en Reus con f\u00e1cil acceso desde la ciudad y a las v\u00edas T11 AP7 A7","robots":{"index":"index","follow":"follow","max-snippet":"max-snippet:-1","max-image-preview":"max-image-preview:large","max-video-preview":"max-video-preview:-1"},"canonical":"https:\/\/grismateriaespaiempresarial.com\/old\/alquiler-naves-industriales-tarragona\/","og_locale":"es_ES","og_type":"article","og_title":"Alquiler de naves industriales en Tarragona - Gris Materia","og_description":"Alquiler de naves industriales en Tarragona, naves aparador en Reus con f\u00e1cil acceso desde la ciudad y a las v\u00edas T11 AP7 A7","og_url":"https:\/\/grismateriaespaiempresarial.com\/old\/alquiler-naves-industriales-tarragona\/","og_site_name":"grismateriaespaiempresarial.com\/old","article_modified_time":"2025-04-23T08:22:37+00:00","og_image":[{"width":1440,"height":1080,"url":"https:\/\/grismateriaespaiempresarial.com\/old\/wp-content\/uploads\/2023\/04\/alquiler-de-naves-industriales-en-Reus-Tarragona-7.jpeg","type":"image\/jpeg"}],"twitter_card":"summary_large_image","twitter_misc":{"Tiempo de lectura":"4 minutos"},"schema":{"@context":"https:\/\/schema.org","@graph":[{"@type":"WebPage","@id":"https:\/\/grismateriaespaiempresarial.com\/old\/alquiler-naves-industriales-tarragona\/","url":"https:\/\/grismateriaespaiempresarial.com\/old\/alquiler-naves-industriales-tarragona\/","name":"Alquiler de naves industriales en Tarragona - Gris Materia","isPartOf":{"@id":"https:\/\/grismateriaespaiempresarial.com\/old\/#website"},"primaryImageOfPage":{"@id":"https:\/\/grismateriaespaiempresarial.com\/old\/alquiler-naves-industriales-tarragona\/#primaryimage"},"image":{"@id":"https:\/\/grismateriaespaiempresarial.com\/old\/alquiler-naves-industriales-tarragona\/#primaryimage"},"thumbnailUrl":"https:\/\/grismateriaespaiempresarial.com\/old\/wp-content\/uploads\/2023\/04\/alquiler-de-naves-industriales-en-Reus-Tarragona-7.jpeg","datePublished":"2023-06-05T08:28:24+00:00","dateModified":"2025-04-23T08:22:37+00:00","description":"Alquiler de naves industriales en Tarragona, naves aparador en Reus con f\u00e1cil acceso desde la ciudad y a las v\u00edas T11 AP7 A7","breadcrumb":{"@id":"https:\/\/grismateriaespaiempresarial.com\/old\/alquiler-naves-industriales-tarragona\/#breadcrumb"},"inLanguage":"es","potentialAction":[{"@type":"ReadAction","target":["https:\/\/grismateriaespaiempresarial.com\/old\/alquiler-naves-industriales-tarragona\/"]}]},{"@type":"ImageObject","inLanguage":"es","@id":"https:\/\/grismateriaespaiempresarial.com\/old\/alquiler-naves-industriales-tarragona\/#primaryimage","url":"https:\/\/grismateriaespaiempresarial.com\/old\/wp-content\/uploads\/2023\/04\/alquiler-de-naves-industriales-en-Reus-Tarragona-7.jpeg","contentUrl":"https:\/\/grismateriaespaiempresarial.com\/old\/wp-content\/uploads\/2023\/04\/alquiler-de-naves-industriales-en-Reus-Tarragona-7.jpeg","width":1440,"height":1080,"caption":"alquiler de naves industriales en Reus Tarragona (7)"},{"@type":"BreadcrumbList","@id":"https:\/\/grismateriaespaiempresarial.com\/old\/alquiler-naves-industriales-tarragona\/#breadcrumb","itemListElement":[{"@type":"ListItem","position":1,"name":"Portada","item":"https:\/\/grismateriaespaiempresarial.com\/old\/"},{"@type":"ListItem","position":2,"name":"Alquiler de naves industriales en Tarragona"}]},{"@type":"WebSite","@id":"https:\/\/grismateriaespaiempresarial.com\/old\/#website","url":"https:\/\/grismateriaespaiempresarial.com\/old\/","name":"Alquiler de oficinas naves industriales y Coworking Gris Materia Empresarial","description":"Centro empresarial en Reus","publisher":{"@id":"https:\/\/grismateriaespaiempresarial.com\/old\/#organization"},"potentialAction":[{"@type":"SearchAction","target":{"@type":"EntryPoint","urlTemplate":"https:\/\/grismateriaespaiempresarial.com\/old\/?s={search_term_string}"},"query-input":{"@type":"PropertyValueSpecification","valueRequired":true,"valueName":"search_term_string"}}],"inLanguage":"es"},{"@type":"Organization","@id":"https:\/\/grismateriaespaiempresarial.com\/old\/#organization","name":"Gris Materia","url":"https:\/\/grismateriaespaiempresarial.com\/old\/","logo":{"@type":"ImageObject","inLanguage":"es","@id":"https:\/\/grismateriaespaiempresarial.com\/old\/#\/schema\/logo\/image\/","url":"https:\/\/grismateriaespaiempresarial.com\/old\/wp-content\/uploads\/2023\/06\/logo-cuadrado.jpg","contentUrl":"https:\/\/grismateriaespaiempresarial.com\/old\/wp-content\/uploads\/2023\/06\/logo-cuadrado.jpg","width":800,"height":800,"caption":"Gris Materia"},"image":{"@id":"https:\/\/grismateriaespaiempresarial.com\/old\/#\/schema\/logo\/image\/"}}]}},"_links":{"self":[{"href":"https:\/\/grismateriaespaiempresarial.com\/old\/wp-json\/wp\/v2\/pages\/253","targetHints":{"allow":["GET"]}}],"collection":[{"href":"https:\/\/grismateriaespaiempresarial.com\/old\/wp-json\/wp\/v2\/pages"}],"about":[{"href":"https:\/\/grismateriaespaiempresarial.com\/old\/wp-json\/wp\/v2\/types\/page"}],"author":[{"embeddable":true,"href":"https:\/\/grismateriaespaiempresarial.com\/old\/wp-json\/wp\/v2\/users\/5"}],"replies":[{"embeddable":true,"href":"https:\/\/grismateriaespaiempresarial.com\/old\/wp-json\/wp\/v2\/comments?post=253"}],"version-history":[{"count":4,"href":"https:\/\/grismateriaespaiempresarial.com\/old\/wp-json\/wp\/v2\/pages\/253\/revisions"}],"predecessor-version":[{"id":207502,"href":"https:\/\/grismateriaespaiempresarial.com\/old\/wp-json\/wp\/v2\/pages\/253\/revisions\/207502"}],"wp:featuredmedia":[{"embeddable":true,"href":"https:\/\/grismateriaespaiempresarial.com\/old\/wp-json\/wp\/v2\/media\/66"}],"wp:attachment":[{"href":"https:\/\/grismateriaespaiempresarial.com\/old\/wp-json\/wp\/v2\/media?parent=253"}],"curies":[{"name":"wp","href":"https:\/\/api.w.org\/{rel}","templated":true}]}}